{"id":2002,"date":"2024-08-31T14:12:27","date_gmt":"2024-08-31T11:12:27","guid":{"rendered":"https:\/\/www.stopplas.com\/nsite\/?page_id=2002"},"modified":"2025-10-22T14:11:05","modified_gmt":"2025-10-22T11:11:05","slug":"hakkimizda","status":"publish","type":"page","link":"https:\/\/www.stopplas.com\/nsite\/tr\/hakkimizda\/","title":{"rendered":"HAKKIMIZDA"},"content":{"rendered":"\n<p>Stopplas, kuruldu\u011fu 1977 y\u0131l\u0131ndan bu yana motorlu kara ta\u015f\u0131tlar\u0131 i\u00e7in ayd\u0131nlatma ekipmanlar\u0131 \u00fcreterek otomotiv sekt\u00f6r\u00fcnde hizmet vermektedir. Kuruldu\u011fu g\u00fcnden bug\u00fcne artan \u00fcr\u00fcn \u00e7e\u015fidi ve kalitesiyle gerek yurti\u00e7i gerekse yurtd\u0131\u015f\u0131nda aranan bir marka olmay\u0131 ba\u015farm\u0131\u015ft\u0131r.<\/p>\n\n\n\n<p><\/p>\n\n\n\n<p>Firmam\u0131z, siz m\u00fc\u015fterilerimizden ald\u0131\u011f\u0131 g\u00fcven ve destekle otomotiv sekt\u00f6r\u00fcnde uzmanla\u015farak bug\u00fcn oldu\u011fu gibi gelecekte de en iyi hizmeti vermeyi hedeflemektedir.<\/p>\n\n\n\n<p><\/p>\n\n\n\n<p>STOPPLAS, \u00fcst d\u00fczey teknoloji, makine, otomasyon ekipmanlar\u0131 ile ger\u00e7ekle\u015ftirdi\u011fi \u00fcretimle; \u0130ngiltere, ABD, Almanya, Bel\u00e7ika, \u0130spanya, \u0130rlanda, Fransa, Yunanistan, Fas, Libya, Irak gibi \u00fclkelere OEM ve OES \u015feklinde ihracat yapmaktad\u0131r.<\/p>\n\n\n\n<p><\/p>\n\n\n\n<p>Firmam\u0131z kendi yapt\u0131\u011f\u0131 ihracat\u0131n yan\u0131 s\u0131ra, \u00fclkemizdeki ihracat yapan firmalara da servis sa\u011flamaktad\u0131r.<\/p>\n","protected":false},"excerpt":{"rendered":"<p>Stopplas, kuruldu\u011fu 1977 y\u0131l\u0131ndan bu yana motorlu kara ta\u015f\u0131tlar\u0131 i\u00e7in ayd\u0131nlatma ekipmanlar\u0131 \u00fcreterek otomotiv sekt\u00f6r\u00fcnde hizmet vermektedir. Kuruldu\u011fu g\u00fcnden bug\u00fcne artan \u00fcr\u00fcn \u00e7e\u015fidi ve kalitesiyle gerek yurti\u00e7i gerekse yurtd\u0131\u015f\u0131nda aranan bir marka olmay\u0131 ba\u015farm\u0131\u015ft\u0131r. Firmam\u0131z, siz m\u00fc\u015fterilerimizden ald\u0131\u011f\u0131 g\u00fcven ve destekle otomotiv sekt\u00f6r\u00fcnde uzmanla\u015farak bug\u00fcn oldu\u011fu gibi gelecekte de en iyi hizmeti vermeyi hedeflemektedir. STOPPLAS, \u00fcst d\u00fczey teknoloji, makine, otomasyon ekipmanlar\u0131 ile ger\u00e7ekle\u015ftirdi\u011fi \u00fcretimle; \u0130ngiltere, ABD, Almanya, Bel\u00e7ika, \u0130spanya, \u0130rlanda, Fransa, Yunanistan, Fas, Libya, Irak gibi \u00fclkelere OEM ve OES \u015feklinde ihracat yapmaktad\u0131r. Firmam\u0131z kendi yapt\u0131\u011f\u0131 ihracat\u0131n yan\u0131 s\u0131ra, \u00fclkemizdeki ihracat yapan firmalara da servis sa\u011flamaktad\u0131r.<a class=\"more-link\" href=\"https:\/\/www.stopplas.com\/nsite\/tr\/hakkimizda\/\">Read More &rarr;<\/a><\/p>\n","protected":false},"author":1,"featured_media":0,"parent":0,"menu_order":0,"comment_status":"closed","ping_status":"closed","template":"","meta":{"_acf_changed":false,"_uag_custom_page_level_css":"","footnotes":""},"class_list":["entry","page","publish","author-admin","post-2002"],"acf":[],"uagb_featured_image_src":{"full":false,"thumbnail":false,"medium":false,"medium_large":false,"large":false,"1536x1536":false,"2048x2048":false,"product-image":false,"hoot-small-preview":false,"hoot-large-preview":false,"hoot-medium-preview":false,"hoot-wide":false,"hoot-extra-wide":false,"hoot-boxcontent":false},"uagb_author_info":{"display_name":"plasAdmin","author_link":"https:\/\/www.stopplas.com\/nsite\/author\/admin\/"},"uagb_comment_info":0,"uagb_excerpt":"Stopplas, kuruldu\u011fu 1977 y\u0131l\u0131ndan bu yana motorlu kara ta\u015f\u0131tlar\u0131 i\u00e7in ayd\u0131nlatma ekipmanlar\u0131 \u00fcreterek otomotiv sekt\u00f6r\u00fcnde hizmet vermektedir. Kuruldu\u011fu g\u00fcnden bug\u00fcne artan \u00fcr\u00fcn \u00e7e\u015fidi ve kalitesiyle gerek yurti\u00e7i gerekse yurtd\u0131\u015f\u0131nda aranan bir marka olmay\u0131 ba\u015farm\u0131\u015ft\u0131r. Firmam\u0131z, siz m\u00fc\u015fterilerimizden ald\u0131\u011f\u0131 g\u00fcven ve destekle otomotiv sekt\u00f6r\u00fcnde uzmanla\u015farak bug\u00fcn oldu\u011fu gibi gelecekte de en iyi hizmeti vermeyi hedeflemektedir. STOPPLAS,&hellip;","_links":{"self":[{"href":"https:\/\/www.stopplas.com\/nsite\/wp-json\/wp\/v2\/pages\/2002","targetHints":{"allow":["GET"]}}],"collection":[{"href":"https:\/\/www.stopplas.com\/nsite\/wp-json\/wp\/v2\/pages"}],"about":[{"href":"https:\/\/www.stopplas.com\/nsite\/wp-json\/wp\/v2\/types\/page"}],"author":[{"embeddable":true,"href":"https:\/\/www.stopplas.com\/nsite\/wp-json\/wp\/v2\/users\/1"}],"replies":[{"embeddable":true,"href":"https:\/\/www.stopplas.com\/nsite\/wp-json\/wp\/v2\/comments?post=2002"}],"version-history":[{"count":5,"href":"https:\/\/www.stopplas.com\/nsite\/wp-json\/wp\/v2\/pages\/2002\/revisions"}],"predecessor-version":[{"id":2319,"href":"https:\/\/www.stopplas.com\/nsite\/wp-json\/wp\/v2\/pages\/2002\/revisions\/2319"}],"wp:attachment":[{"href":"https:\/\/www.stopplas.com\/nsite\/wp-json\/wp\/v2\/media?parent=2002"}],"curies":[{"name":"wp","href":"https:\/\/api.w.org\/{rel}","templated":true}]}}